rst derivative of -j**3/3 - 9*j**2/2 - 23*j - 6577. Give i(-4).
-3
Let x(g) = -17*g + 1. Let k = -489 + 497. Suppose -9*m + k = -10. Calculate x(m).
-33
Let s = 216 + -230. Let k(b) = -3*b - 56. Let n be k(s). Let m(y) = y + 9. Give m(n).
-5
Suppose -4*m + 68 = 4*v - 0*v, m + 3*v = 21. Let i be ((-12)/(-10))/(m/175). Let n(w) = i*w - 34*w + 19*w + 9 - 1. Calculate n(7).
1
Let v = 448 - 445. Let q(n) = -574*n**3 - 570*n**3 + 1143*n**v + 0 + 0 + 3*n**2 + 3*n. Determine q(3).
9
Let g be ((-2)/2*-3)/1. Let j(x) = -10 - 4*x + 16 + 4*x**2 - 101737*x**3 + 101736*x**3 + 0*x**2. Give j(g).
3
Let h(f) = -f**3 + 6*f**2 + 12*f - 14. Let c(y) = -y**3 - 34*y**2 + 27*y - 273. Let a be c(-35). Give h(a).
21
Suppose 6*x - 1 = -7. Let w(k) = k**2 + k. Let t(m) = -m**3 - 6*m**2 - m - 4. Let u(r) = x*t(r) - 3*w(r). Let s = -1823 + 1819. Calculate u(s).
-4
Let z(q) be the third derivative of -81*q**2 + 1/12*q**4 + 1/60*q**5 + 0 + q - 1/6*q**3. Calculate z(-4).
7
Let r(n) be the second derivative of 3*n**5/5 - n**4/12 - n**3/6 + n. Suppose 2*m = -5*f + 8, 5*m + 2*f + 8 = 49. Let c be m - 5/15*30. Determine r(c).
-12
Let s(g) = 1452 - 779 - 683 - 15*g + 5*g. Calculate s(1).
-20
Let o be (-11)/(-14 - (1 + -14)). Let g(q) = q - 58. What is g(o)?
-47
Let v(q) = -9*q**3 - 12*q**2 + 207*q - 19. Let l(u) = 4*u**3 + 5*u**2 - 93*u + 9. Let z(h) = -13*l(h) - 6*v(h). Determine z(-6).
15
Let t(y) = -y**2 + y + 2. Let d be (3/(3/1))/(1/445). Let c be (-26)/(-10) - 267/d. What is t(c)?
0
Let o(r) be the first derivative of r**2/2 + 2. Suppose 0 = 24*f - 21*f + 30. Let m(w) = 4*w + 3. Let h(b) = f*o(b) + 2*m(b). Determine h(5).
-4
Let y be (-78)/(-21)*(-1155)/165. Let h(f) = -f**3 - 25*f**2 + 19*f - 186. Determine h(y).
-4
Let x(j) = 7*j + 18. Let g(q) = 6*q + 18. Let h(z) = -6*g(z) + 5*x(z). Let t be h(-18). Let r(d) = 4 + d + t - 1. What is r(-5)?
-2
Let l be (-19 - (-3255)/168)/(3/48). Let c(q) = 8*q + 45. Determine c(l).
93
Suppose -20*y - 16*y - 1 = -289. Let o(r) = r**3 + 6*r**2 - r - 3. Let m be o(-6). Let q(a) = -1 - 5 + m*a - 1 - 2*a. What is q(y)?
1
Let m(z) be the third derivative of z**5/15 - z**4/24 - z**3/6 - 12*z**2 + 57. Determine m(-3).
38
Suppose 3*y + j = 97, -j + 19 = y - 4*j. Let u(w) = -5 + 3 + 28*w + y*w - 58*w. What is u(-5)?
-7
Let j(g) = -11*g**2 - 43*g + 39. Let p(h) = h**2 + 4*h - 4. Let u(f) = -2*j(f) - 21*p(f). Calculate u(3).
21
Let k(a) be the third derivative of -13*a**7/5040 + a**6/360 + a**5/30 - a**3/2 + 15*a**2 + 1. Let b(z) be the third derivative of k(z). Give b(1).
-11
Let o = 105 + -74. Suppose -203 = -3*x - 4*c, -4*x + 373 = x - 2*c. Let q(n) = -34 + x - o - n**2. Calculate q(0).
8
Let s(d) = 3*d + 2. Suppose 4*v - 7*v + 2*b = 20, 3*b + 15 = -3*v. Let r be (70/(-42))/(2/v). Calculate s(r).
17
Let r(x) = -5*x + 155. Let p be r(26). Let q(i) = -243*i**2 + 242*i**2 - 13 + p - 2*i. Give q(-5).
-3
Suppose -4*c + 33*c - 21 = 26*c. Let g(b) = -b**3 + 8*b**2 - 10*b + 1. What is g(c)?
-20
Let o(f) be the second derivative of f**4/12 + 3*f**3 - 18*f**2 + 2276*f. Calculate o(-20).
4
Suppose 2*l = -41*m + 36*m + 75, 5*m + 75 = 3*l. Let x(d) = -3*d**2 + 88*d + 63. What is x(l)?
3
Let a(o) be the second derivative of -o**5/20 + o**4/6 - o**3/6 - o**2/2 + 5*o. Let u(z) = -103 - 11 + 30*z + z**2 - 16 - 29*z. Let l be u(11). Give a(l).
-3
Let n(l) = -6*l**2 - 45*l + 10. Let v be n(0). Let c(z) = 3*z - 35. Determine c(v).
-5
Let t be (-181 + 244)*(-1)/(-5) + 4/10. Let g(b) be the third derivative of -b**4/12 + 11*b**3/6 + 2*b**2. Calculate g(t).
-15
Suppose -7*s = -43 + 71. Let w be -2 + (-3)/3 - -2. Let b(o) = -5*o + 7. Let y(f) = f - 1. Let l(j) = w*b(j) - 4*y(j). Calculate l(s).
-7
Let u(m) = -m**3 - 2*m**2 + 1. Let b(w) = 5*w**3 + 5*w**2 + 6*w. Let a(g) = -b(g) - 6*u(g). Let d(t) = 12*t**2 - t - 8. Let p be d(0). Give a(p).
-22
Let y(g) = -g**3 - 27*g**2 + 27*g - 24. Let p(w) = 8*w**2 + 942*w - 264. Let c be p(-118). Give y(c).
4
Let w(i) = -2*i**2 - 5*i - 4. Let v = 340 + -336. Let y be -5 + (v - (4 + (-5)/5)). What is w(y)?
-16
Suppose 2 = -16*l + 17*l. Let y(k) = -4 + 1 - 2 - k**3 - 7*k**l + 170*k - 171*k. What is y(-7)?
2
Let i = -491 - -499. Let y(q) = -308*q**3 + 9*q - 1 - 9*q**2 + 309*q**3 - 4. Calculate y(i).
3
Let r(a) = 1858*a + 13 - 924*a - 931*a. Determine r(-9).
-14
Suppose 0 = -200*m + 205*m + 5*d + 30, d = -5*m - 34. Let h(u) = -9*u - 42. What is h(m)?
21
Let a(f) be the third derivative of -f**6/120 - f**5/15 + f**4/6 - 5*f**3/6 + f**2. Let z = 91 + 1469. Let c = -1565 + z. Give a(c).
0
Let q(c) = c**3 + c**2 - 17*c + 7. Let x = 813 + -818. Give q(x).
-8
Let g(a) be the second derivative of a**3/6 - 5*a**2 + a. Suppose -61*z - 292*z = 149*z. Determine g(z).
-10
Suppose 0 = 4*o - 9 - 7. Let q = 4 - o. Let w(b) = -b**3 + 0*b**2 - 8 + 9 + q*b**3 - 6*b**2 + b. Give w(-6).
-5
Let p(m) = -19*m + 98. Let h be 24/(-40) - 168/(-30). What is p(h)?
3
Let f = 1 - -3. Suppose 4*y = f*o + 6*y - 30, 4*y = -o + 25. Let b(c) = -3*c**2 + 3 - 2*c**2 + 2*c**2 + c**3 - 3*c**2 + 5*c. Determine b(o).
3
Suppose -360 = 31*o + 9*o. Let u(a) = a**3 + 10*a**2 + a - 1. Calculate u(o).
71
Let o(w) = -w + 1. Let u(h) = 6*h - 10. Let c(k) = 5*o(k) + u(k). Let l be (-12)/(-4) - 5 - -4. Let b be -5 + 4 + l/2. What is c(b)?
-5
Let h(a) = -2*a**2 - 23*a + 9. Let z be h(-12). Let k(l) = -3*l**3 - 4*l**2 + l + 3. Let o be k(z). Let u(q) = o - 4*q - 46 + 6*q - 3*q. Determine u(7).
-8
Let p be (-3)/(-3 + 16/6). Let t = 4 - p. Let o(g) = -3 + 3*g - g**2 - 23*g + 13*g + 4 - 7. What is o(t)?
4
Suppose -48*w - 126 = -55*w. Suppose -w = 844*v - 841*v. Let z(y) = 2*y + 2. Calculate z(v).
-10
Suppose 2*v + 0*z - 4*z = 32, 0 = -3*z - 12. Let t(u) = 0*u + 4*u - 4 - u + v*u**2. Let p be t(1). Let d(w) = -w**2 + 6*w - 5. What is d(p)?
-12
Let x(h) = -h - 13. Suppose 41*b + 212 = 212. Determine x(b).
-13
Let h(p) = p**3 + 5*p**2 + p + 3. Let s = 46 + -46. Suppose s*r - 4*r = 3*o - 4, 3*o + 20 = 2*r. Calculate h(o).
15
Let s(g) be the second derivative of -g**5/120 + 17*g**4/24 + g**3/3 - 14*g**2 - 2*g - 18. Let f(l) be the second derivative of s(l). Determine f(7).
10
Let c = 59 + -59. Let m(d) be the third derivative of -d**5/60 - d**4/24 + 5*d**3/3 + 64*d**2. Give m(c).
10
Let u = -1071 + 1097. Let a(b) = -3*b + 78. What is a(u)?
0
Let g(n) = 14*n - 9*n - 20*n + 14*n + 25. Calculate g(22).
3
Suppose -195 = -147*l + 53 + 46. Let k(s) be the first derivative of 5/2*s**l - 1/4*s**4 + 2*s**3 + 16 + 6*s. Determine k(7).
-8
Let k(t) = -19*t - 6. Let r(j) = 4*j. Let h(x) = k(x) + 5*r(x). What is h(4)?
-2
Let t(q) = -q**3 - q**2 + 5*q + 1. Suppose 107*p + 136*p - 404 = 41*p. Determine t(p).
-1
Let c(m) = -4*m - m**2 - 4*m**2 - 626 + 312 - m**2 + 309. Give c(-1).
-7
Let l(h) = h**3 + 2*h**2 - 5*h - 3. Let b(j) be the second derivative of j**5/20 - 29*j**4/12 - j**3/6 + 13*j**2 - 2*j + 42. Let u be b(29). Give l(u).
3
Let i(t) = -5 - 7*t**3 - 8*t + 8*t**3 + 4 + 6*t**2. Let n = 26018 + -26025. Give i(n).
6
Let f(b) = b**3 + 5*b**2 - 8*b - 5. Let w be (3 - (-1 - -5)) + (2 - 3). Let j be 260/(-45) + w/9. Determine f(j).
7
Let h(l) be the third derivative of l**4/24 + 23*l**3/6 - 10*l**2. Let a be (9/1*2)/(75/6 - 14). Determine h(a).
11
Suppose 14 + 22 = 3*i. Suppose i*p - 10*p = -58. Let s = -21 - p. Let t(b) = 2*b - 12. What is t(s)?
4
Let w(m) be the first derivative of -m + 0*m**2 - 7/3*m**3 + 6. Give w(1).
-8
Suppose -78*k + 80*k = 48. Let j be (12/k)/((-2)/4). Let a(p) = -7*p**3 + p**2. What is a(j)?
8
Let i(w) = -4*w**3 + 52*w**2 + 5*w - 9. Let x(m) = m**3 - 13*m**2 - 2*m + 3. Let j(k) = 4*i(k) + 17*x(k). What is j(14)?
15
Suppose 5*g - 9*g - 52 = 0. Let c(z) = -28*z + 19. Let m(k) = -13*k + 9. Let u(f) = g*m(f) + 6*c(f). Calculate u(-7).
-10
Let p(b) = -1715*b + 247 + 834*b + 849*b. Give p(8).
-9
Let d = -12 + 16. Suppose y = -d*i + 30, -2*i + 18 = -4*y + 3*y. Let r(h) = 0*h**2 + i*h - h**2 - 11*h - 3. What is r(-3)?
-3
Let y(w) = 0*w**3 + 4*w**2 + 7 - 2 - 2*w - w**3. Suppose -3*k - 19*b + 15*b + 16 = 0, -2*b + 2 = 0. Let x be y(k). Let v(f) = 8*f + 1. Determine v(x).
-23
Let v(j) = -2*j**2 + 46*j + 12. Let f(l) = -2*l**2 - 12*l + 7. Let q be f(-2). What is v(q)?
12
Suppose 17*g = 22*g + 2*q + 7, 5*q + 2 = 3*g. Let o(v) = -83*v - 2. What is o(g)?
81
Let z(s) = -3*s - 2 - 55*s**2 - 67*s*